{"id":36072,"date":"2025-04-01T09:33:03","date_gmt":"2025-04-01T14:33:03","guid":{"rendered":"https:\/\/c3.qroo.gob.mx\/homologacion\/?page_id=36072"},"modified":"2025-08-07T16:05:19","modified_gmt":"2025-08-07T21:05:19","slug":"antecedentes","status":"publish","type":"page","link":"https:\/\/c3.qroo.gob.mx\/index.php\/antecedentes\/","title":{"rendered":"Antecedentes"},"content":{"rendered":"\t\t<div data-elementor-type=\"wp-page\" data-elementor-id=\"36072\" class=\"elementor elementor-36072\">\n\t\t\t\t<div class=\"elementor-element elementor-element-bc26b65 e-flex e-con-boxed e-con e-parent\" data-id=\"bc26b65\" data-element_type=\"container\">\n\t\t\t\t\t<div class=\"e-con-inner\">\n\t\t\t\t<div class=\"elementor-element elementor-element-0741f06 elementor-widget elementor-widget-spacer\" data-id=\"0741f06\" data-element_type=\"widget\" data-widget_type=\"spacer.default\">\n\t\t\t\t<div class=\"elementor-widget-container\">\n\t\t\t\t\t<div class=\"elementor-spacer\">\n\t\t\t<div class=\"elementor-spacer-inner\"><\/div>\n\t\t<\/div>\n\t\t\t\t<\/div>\n\t\t\t\t<\/div>\n\t\t\t\t<div class=\"elementor-element elementor-element-d455bbd elementor-widget elementor-widget-heading\" data-id=\"d455bbd\" data-element_type=\"widget\" data-widget_type=\"heading.default\">\n\t\t\t\t<div class=\"elementor-widget-container\">\n\t\t\t<h2 class=\"elementor-heading-title elementor-size-default\"><span style=\"font-weight: 700\">Antecedentes<\/span><\/h2>\t\t<\/div>\n\t\t\t\t<\/div>\n\t\t\t\t<div class=\"elementor-element elementor-element-8edc3bd elementor-widget elementor-widget-spacer\" data-id=\"8edc3bd\" data-element_type=\"widget\" data-widget_type=\"spacer.default\">\n\t\t\t\t<div class=\"elementor-widget-container\">\n\t\t\t\t\t<div class=\"elementor-spacer\">\n\t\t\t<div class=\"elementor-spacer-inner\"><\/div>\n\t\t<\/div>\n\t\t\t\t<\/div>\n\t\t\t\t<\/div>\n\t\t\t\t<div class=\"elementor-element elementor-element-cf91152 elementor-widget elementor-widget-text-editor\" data-id=\"cf91152\" data-element_type=\"widget\" data-widget_type=\"text-editor.default\">\n\t\t\t\t<div class=\"elementor-widget-container\">\n\t\t\t\t\t\t\t<p><!-- wp:paragraph {\"align\":\"center\"} --><\/p><p style=\"font-size: 17px;\"><img fetchpriority=\"high\" decoding=\"async\" width=\"1024\" height=\"405\" class=\"wp-image-36285 aligncenter\" style=\"width: 1118px; height: auto;\" src=\"https:\/\/c3.qroo.gob.mx\/\/wp-content\/uploads\/2025\/04\/C3-Chetumal-1024x405.jpg\" alt=\"\" srcset=\"https:\/\/c3.qroo.gob.mx\/wp-content\/uploads\/2025\/04\/C3-Chetumal-1024x405.jpg 1024w, https:\/\/c3.qroo.gob.mx\/wp-content\/uploads\/2025\/04\/C3-Chetumal-300x119.jpg 300w, https:\/\/c3.qroo.gob.mx\/wp-content\/uploads\/2025\/04\/C3-Chetumal-768x304.jpg 768w, https:\/\/c3.qroo.gob.mx\/wp-content\/uploads\/2025\/04\/C3-Chetumal.jpg 1261w\" sizes=\"(max-width: 1024px) 100vw, 1024px\" \/><\/p><p>\u00a0<\/p><p class=\"has-text-align-center\" style=\"text-align: Justify;\">El 21 de Agosto del 2008, se suscribi\u00f3 el Acuerdo Nacional por la Seguridad, la Justicia y la Legalidad, en el Marco de la XXII Sesi\u00f3n Ordinaria del Consejo Nacional de Seguridad P\u00fablica, con el objetivo de conjuntar programas y acciones de los tres \u00f3rdenes de gobierno, con la participaci\u00f3n del Congreso de la Uni\u00f3n, el Poder Judicial de la Federaci\u00f3n, as\u00ed como representantes de los Medios de Comunicaci\u00f3n y las Organizaciones de la Sociedad Civil, Empresariales, Sindicales y Religiosas, con los objetivos comunes a corto, mediano y largo plazos. La creaci\u00f3n del \u00d3rgano Desconcentrado adscrito a la Secretar\u00eda que goza de autonom\u00eda t\u00e9cnica y de gesti\u00f3n, encargado de coordinar, dirigir, aplicar y calificar las evaluaciones permanentes de control de confianza, durante las fases de selecci\u00f3n, ingreso, promoci\u00f3n, formaci\u00f3n, permanencia, reconocimiento y certificaci\u00f3n del personal sustantivo en activo de las Instituciones de Seguridad P\u00fablica; as\u00ed como, integrantes del Servicio de Seguridad Privada. Todo ello con la finalidad de garantizar la atenci\u00f3n adecuada de los evaluados y contar con los elementos que tengan un claro compromiso institucional de servicio. Motivo por el cual, fue creado mediante el Decreto N\u00famero 39 extraordinario, Tomo II, S\u00e9ptima \u00c9poca, de fecha 28 de Mayo del 2010, en el Peri&amp;odico Oficial del Estado de Quintana Roo. Decreto Legislativo N\u00famero 272 publicado el 20 de diciembre del 2018 en el Peri\u00f3dico Oficial del Estado de Quintana Roo, en el cual el Centro Estatal de Evaluaci\u00f3n y Control de Confianza, se encuentra adscrito al Secretariado Ejecutivo del Sistema Estatal de Seguridad P\u00fablica. Decreto N\u00famero 354 de fecha 13 de septiembre del 2019, en el Peri\u00f3dico Oficial del Estado de Quintana Roo, en el cual se crea el Organismo P\u00fablico Descentralizado De nominado Centro Estatal de Evaluaci\u00f3n y Control de Confianza de la Secretar\u00eda de Seguridad P\u00fablica del estado de Quintana Roo.<\/p><p><!-- \/wp:paragraph --><\/p><p><!-- wp:image {\"id\":36285,\"width\":\"1118px\",\"height\":\"auto\",\"sizeSlug\":\"large\",\"linkDestination\":\"none\"} --><\/p><p><!-- \/wp:image --><\/p><p><!-- wp:gallery {\"linkTo\":\"none\"} --><\/p><figure class=\"wp-block-gallery has-nested-images columns-default is-cropped\"><\/figure><p><!-- \/wp:gallery --><\/p>\t\t\t\t\t\t<\/div>\n\t\t\t\t<\/div>\n\t\t\t\t<div class=\"elementor-element elementor-element-d927e2d elementor-widget elementor-widget-spacer\" data-id=\"d927e2d\" data-element_type=\"widget\" data-widget_type=\"spacer.default\">\n\t\t\t\t<div class=\"elementor-widget-container\">\n\t\t\t\t\t<div class=\"elementor-spacer\">\n\t\t\t<div class=\"elementor-spacer-inner\"><\/div>\n\t\t<\/div>\n\t\t\t\t<\/div>\n\t\t\t\t<\/div>\n\t\t<div class=\"elementor-element elementor-element-fce6d3a e-con-full e-flex e-con e-child\" data-id=\"fce6d3a\" data-element_type=\"container\">\n\t\t\t\t<div class=\"elementor-element elementor-element-1876108 elementor-widget elementor-widget-heading\" data-id=\"1876108\" data-element_type=\"widget\" data-widget_type=\"heading.default\">\n\t\t\t\t<div class=\"elementor-widget-container\">\n\t\t\t<h2 class=\"elementor-heading-title elementor-size-default\"><h1 style=\"margin-bottom: 0.5rem;line-height: 1.2;font-size: 2.5rem;font-family: Roboto, sans-serif;font-style: normal;text-align: center\"><span style=\"font-family: Montserrat, sans-serif;font-size: 35px;font-style: inherit;font-weight: 600;text-align: start\">Certificaciones Obtenidas<\/span><span style=\"font-family: Montserrat, sans-serif;font-size: 35px;font-style: inherit;font-weight: 600;text-align: start\"><\/span><\/h1><\/h2>\t\t<\/div>\n\t\t\t\t<\/div>\n\t\t\t\t<div class=\"elementor-element elementor-element-160f39e elementor-widget elementor-widget-spacer\" data-id=\"160f39e\" data-element_type=\"widget\" data-widget_type=\"spacer.default\">\n\t\t\t\t<div class=\"elementor-widget-container\">\n\t\t\t\t\t<div class=\"elementor-spacer\">\n\t\t\t<div class=\"elementor-spacer-inner\"><\/div>\n\t\t<\/div>\n\t\t\t\t<\/div>\n\t\t\t\t<\/div>\n\t\t<div class=\"elementor-element elementor-element-08cfa80 e-grid e-con-full e-con e-child\" data-id=\"08cfa80\" data-element_type=\"container\">\n\t\t\t\t<div class=\"elementor-element elementor-element-c1fbd81 zoom-button elementor-widget elementor-widget-image\" data-id=\"c1fbd81\" data-element_type=\"widget\" data-widget_type=\"image.default\">\n\t\t\t\t<div class=\"elementor-widget-container\">\n\t\t\t\t\t\t\t\t\t\t\t\t\t<img decoding=\"async\" width=\"600\" height=\"200\" src=\"https:\/\/c3.qroo.gob.mx\/wp-content\/uploads\/2025\/07\/cetificacion-08.png\" class=\"attachment-large size-large wp-image-36943\" alt=\"\" srcset=\"https:\/\/c3.qroo.gob.mx\/wp-content\/uploads\/2025\/07\/cetificacion-08.png 600w, https:\/\/c3.qroo.gob.mx\/wp-content\/uploads\/2025\/07\/cetificacion-08-300x100.png 300w\" sizes=\"(max-width: 600px) 100vw, 600px\" \/>\t\t\t\t\t\t\t\t\t\t\t\t\t<\/div>\n\t\t\t\t<\/div>\n\t\t\t\t<div class=\"elementor-element elementor-element-f36247d zoom-button elementor-widget elementor-widget-image\" data-id=\"f36247d\" data-element_type=\"widget\" data-widget_type=\"image.default\">\n\t\t\t\t<div class=\"elementor-widget-container\">\n\t\t\t\t\t\t\t\t\t\t\t\t\t<img decoding=\"async\" width=\"600\" height=\"200\" src=\"https:\/\/c3.qroo.gob.mx\/wp-content\/uploads\/2025\/06\/cetificacion-07.png\" class=\"attachment-large size-large wp-image-36813\" alt=\"\" srcset=\"https:\/\/c3.qroo.gob.mx\/wp-content\/uploads\/2025\/06\/cetificacion-07.png 600w, https:\/\/c3.qroo.gob.mx\/wp-content\/uploads\/2025\/06\/cetificacion-07-300x100.png 300w\" sizes=\"(max-width: 600px) 100vw, 600px\" \/>\t\t\t\t\t\t\t\t\t\t\t\t\t<\/div>\n\t\t\t\t<\/div>\n\t\t\t\t<div class=\"elementor-element elementor-element-30eb2f3 zoom-button elementor-widget elementor-widget-image\" data-id=\"30eb2f3\" data-element_type=\"widget\" data-widget_type=\"image.default\">\n\t\t\t\t<div class=\"elementor-widget-container\">\n\t\t\t\t\t\t\t\t\t\t\t\t\t<img decoding=\"async\" width=\"600\" height=\"200\" src=\"https:\/\/c3.qroo.gob.mx\/wp-content\/uploads\/2025\/06\/cetificacion-07.png\" class=\"attachment-large size-large wp-image-36813\" alt=\"\" srcset=\"https:\/\/c3.qroo.gob.mx\/wp-content\/uploads\/2025\/06\/cetificacion-07.png 600w, https:\/\/c3.qroo.gob.mx\/wp-content\/uploads\/2025\/06\/cetificacion-07-300x100.png 300w\" sizes=\"(max-width: 600px) 100vw, 600px\" \/>\t\t\t\t\t\t\t\t\t\t\t\t\t<\/div>\n\t\t\t\t<\/div>\n\t\t\t\t<div class=\"elementor-element elementor-element-9934cac zoom-button elementor-widget elementor-widget-image\" data-id=\"9934cac\" data-element_type=\"widget\" data-widget_type=\"image.default\">\n\t\t\t\t<div class=\"elementor-widget-container\">\n\t\t\t\t\t\t\t\t\t\t\t\t\t<img loading=\"lazy\" decoding=\"async\" width=\"600\" height=\"200\" src=\"https:\/\/c3.qroo.gob.mx\/wp-content\/uploads\/2025\/06\/cetificacion-06.png\" class=\"attachment-large size-large wp-image-36812\" alt=\"\" srcset=\"https:\/\/c3.qroo.gob.mx\/wp-content\/uploads\/2025\/06\/cetificacion-06.png 600w, https:\/\/c3.qroo.gob.mx\/wp-content\/uploads\/2025\/06\/cetificacion-06-300x100.png 300w\" sizes=\"(max-width: 600px) 100vw, 600px\" \/>\t\t\t\t\t\t\t\t\t\t\t\t\t<\/div>\n\t\t\t\t<\/div>\n\t\t\t\t<div class=\"elementor-element elementor-element-7741e43 zoom-button elementor-widget elementor-widget-image\" data-id=\"7741e43\" data-element_type=\"widget\" data-widget_type=\"image.default\">\n\t\t\t\t<div class=\"elementor-widget-container\">\n\t\t\t\t\t\t\t\t\t\t\t\t\t<img loading=\"lazy\" decoding=\"async\" width=\"600\" height=\"200\" src=\"https:\/\/c3.qroo.gob.mx\/wp-content\/uploads\/2025\/06\/cetificacion-05.png\" class=\"attachment-large size-large wp-image-36811\" alt=\"\" srcset=\"https:\/\/c3.qroo.gob.mx\/wp-content\/uploads\/2025\/06\/cetificacion-05.png 600w, https:\/\/c3.qroo.gob.mx\/wp-content\/uploads\/2025\/06\/cetificacion-05-300x100.png 300w\" sizes=\"(max-width: 600px) 100vw, 600px\" \/>\t\t\t\t\t\t\t\t\t\t\t\t\t<\/div>\n\t\t\t\t<\/div>\n\t\t\t\t<div class=\"elementor-element elementor-element-25d5d79 zoom-button elementor-widget elementor-widget-image\" data-id=\"25d5d79\" data-element_type=\"widget\" data-widget_type=\"image.default\">\n\t\t\t\t<div class=\"elementor-widget-container\">\n\t\t\t\t\t\t\t\t\t\t\t\t\t<img loading=\"lazy\" decoding=\"async\" width=\"600\" height=\"200\" src=\"https:\/\/c3.qroo.gob.mx\/wp-content\/uploads\/2025\/06\/cetificacion-04.png\" class=\"attachment-large size-large wp-image-36810\" alt=\"\" srcset=\"https:\/\/c3.qroo.gob.mx\/wp-content\/uploads\/2025\/06\/cetificacion-04.png 600w, https:\/\/c3.qroo.gob.mx\/wp-content\/uploads\/2025\/06\/cetificacion-04-300x100.png 300w\" sizes=\"(max-width: 600px) 100vw, 600px\" \/>\t\t\t\t\t\t\t\t\t\t\t\t\t<\/div>\n\t\t\t\t<\/div>\n\t\t\t\t<div class=\"elementor-element elementor-element-ad2b89f zoom-button elementor-widget elementor-widget-image\" data-id=\"ad2b89f\" data-element_type=\"widget\" data-widget_type=\"image.default\">\n\t\t\t\t<div class=\"elementor-widget-container\">\n\t\t\t\t\t\t\t\t\t\t\t\t\t<img loading=\"lazy\" decoding=\"async\" width=\"600\" height=\"200\" src=\"https:\/\/c3.qroo.gob.mx\/wp-content\/uploads\/2025\/06\/cetificacion-03.png\" class=\"attachment-large size-large wp-image-36809\" alt=\"\" srcset=\"https:\/\/c3.qroo.gob.mx\/wp-content\/uploads\/2025\/06\/cetificacion-03.png 600w, https:\/\/c3.qroo.gob.mx\/wp-content\/uploads\/2025\/06\/cetificacion-03-300x100.png 300w\" sizes=\"(max-width: 600px) 100vw, 600px\" \/>\t\t\t\t\t\t\t\t\t\t\t\t\t<\/div>\n\t\t\t\t<\/div>\n\t\t\t\t<div class=\"elementor-element elementor-element-2929794 zoom-button elementor-widget elementor-widget-image\" data-id=\"2929794\" data-element_type=\"widget\" data-widget_type=\"image.default\">\n\t\t\t\t<div class=\"elementor-widget-container\">\n\t\t\t\t\t\t\t\t\t\t\t\t\t<img loading=\"lazy\" decoding=\"async\" width=\"600\" height=\"200\" src=\"https:\/\/c3.qroo.gob.mx\/wp-content\/uploads\/2025\/06\/cetificacion-02.png\" class=\"attachment-large size-large wp-image-36808\" alt=\"\" srcset=\"https:\/\/c3.qroo.gob.mx\/wp-content\/uploads\/2025\/06\/cetificacion-02.png 600w, https:\/\/c3.qroo.gob.mx\/wp-content\/uploads\/2025\/06\/cetificacion-02-300x100.png 300w\" sizes=\"(max-width: 600px) 100vw, 600px\" \/>\t\t\t\t\t\t\t\t\t\t\t\t\t<\/div>\n\t\t\t\t<\/div>\n\t\t\t\t<div class=\"elementor-element elementor-element-84da400 zoom-button elementor-widget elementor-widget-image\" data-id=\"84da400\" data-element_type=\"widget\" data-widget_type=\"image.default\">\n\t\t\t\t<div class=\"elementor-widget-container\">\n\t\t\t\t\t\t\t\t\t\t\t\t\t<img loading=\"lazy\" decoding=\"async\" width=\"600\" height=\"200\" src=\"https:\/\/c3.qroo.gob.mx\/wp-content\/uploads\/2025\/06\/cetificacion-01.png\" class=\"attachment-large size-large wp-image-36807\" alt=\"\" srcset=\"https:\/\/c3.qroo.gob.mx\/wp-content\/uploads\/2025\/06\/cetificacion-01.png 600w, https:\/\/c3.qroo.gob.mx\/wp-content\/uploads\/2025\/06\/cetificacion-01-300x100.png 300w\" sizes=\"(max-width: 600px) 100vw, 600px\" \/>\t\t\t\t\t\t\t\t\t\t\t\t\t<\/div>\n\t\t\t\t<\/div>\n\t\t\t\t<\/div>\n\t\t\t\t<div class=\"elementor-element elementor-element-d7ba90f elementor-widget elementor-widget-spacer\" data-id=\"d7ba90f\" data-element_type=\"widget\" data-widget_type=\"spacer.default\">\n\t\t\t\t<div class=\"elementor-widget-container\">\n\t\t\t\t\t<div class=\"elementor-spacer\">\n\t\t\t<div class=\"elementor-spacer-inner\"><\/div>\n\t\t<\/div>\n\t\t\t\t<\/div>\n\t\t\t\t<\/div>\n\t\t\t\t<\/div>\n\t\t\t\t\t<\/div>\n\t\t\t\t<\/div>\n\t\t\t\t<\/div>\n\t\t","protected":false},"excerpt":{"rendered":"<p>Antecedentes \u00a0 El 21 de Agosto del 2008, se suscribi\u00f3 el Acuerdo Nacional por la Seguridad, la Justicia y la Legalidad, en el Marco de la XXII Sesi\u00f3n Ordinaria del Consejo Nacional de Seguridad P\u00fablica, con el objetivo de conjuntar programas y acciones de los tres \u00f3rdenes de gobierno, con la participaci\u00f3n del Congreso de &#8230; <a title=\"Antecedentes\" class=\"read-more\" href=\"https:\/\/c3.qroo.gob.mx\/index.php\/antecedentes\/\" aria-label=\"Leer m\u00e1s sobre Antecedentes\">Leer m\u00e1s<\/a><\/p>\n","protected":false},"author":1,"featured_media":0,"parent":0,"menu_order":0,"comment_status":"closed","ping_status":"closed","template":"","meta":{"footnotes":""},"class_list":["post-36072","page","type-page","status-publish"],"yoast_head":"<!-- This site is optimized with the Yoast SEO plugin v23.6 - https:\/\/yoast.com\/wordpress\/plugins\/seo\/ -->\n<title>Antecedentes - C3<\/title>\n<meta name=\"robots\" content=\"index, follow, max-snippet:-1, max-image-preview:large, max-video-preview:-1\" \/>\n<link rel=\"canonical\" href=\"https:\/\/c3.qroo.gob.mx\/index.php\/antecedentes\/\" \/>\n<meta property=\"og:locale\" content=\"es_MX\" \/>\n<meta property=\"og:type\" content=\"article\" \/>\n<meta property=\"og:title\" content=\"Antecedentes - C3\" \/>\n<meta property=\"og:description\" content=\"Antecedentes \u00a0 El 21 de Agosto del 2008, se suscribi\u00f3 el Acuerdo Nacional por la Seguridad, la Justicia y la Legalidad, en el Marco de la XXII Sesi\u00f3n Ordinaria del Consejo Nacional de Seguridad P\u00fablica, con el objetivo de conjuntar programas y acciones de los tres \u00f3rdenes de gobierno, con la participaci\u00f3n del Congreso de ... Leer m\u00e1s\" \/>\n<meta property=\"og:url\" content=\"https:\/\/c3.qroo.gob.mx\/index.php\/antecedentes\/\" \/>\n<meta property=\"og:site_name\" content=\"C3\" \/>\n<meta property=\"article:modified_time\" content=\"2025-08-07T21:05:19+00:00\" \/>\n<meta property=\"og:image\" content=\"https:\/\/c3.qroo.gob.mx\/\/wp-content\/uploads\/2025\/04\/C3-Chetumal-1024x405.jpg\" \/>\n<meta name=\"twitter:card\" content=\"summary_large_image\" \/>\n<meta name=\"twitter:label1\" content=\"Tiempo de lectura\" \/>\n\t<meta name=\"twitter:data1\" content=\"4 minutos\" \/>\n<script type=\"application\/ld+json\" class=\"yoast-schema-graph\">{\"@context\":\"https:\/\/schema.org\",\"@graph\":[{\"@type\":\"WebPage\",\"@id\":\"https:\/\/c3.qroo.gob.mx\/index.php\/antecedentes\/\",\"url\":\"https:\/\/c3.qroo.gob.mx\/index.php\/antecedentes\/\",\"name\":\"Antecedentes - C3\",\"isPartOf\":{\"@id\":\"https:\/\/c3.qroo.gob.mx\/#website\"},\"primaryImageOfPage\":{\"@id\":\"https:\/\/c3.qroo.gob.mx\/index.php\/antecedentes\/#primaryimage\"},\"image\":{\"@id\":\"https:\/\/c3.qroo.gob.mx\/index.php\/antecedentes\/#primaryimage\"},\"thumbnailUrl\":\"https:\/\/c3.qroo.gob.mx\/\/wp-content\/uploads\/2025\/04\/C3-Chetumal-1024x405.jpg\",\"datePublished\":\"2025-04-01T14:33:03+00:00\",\"dateModified\":\"2025-08-07T21:05:19+00:00\",\"breadcrumb\":{\"@id\":\"https:\/\/c3.qroo.gob.mx\/index.php\/antecedentes\/#breadcrumb\"},\"inLanguage\":\"es\",\"potentialAction\":[{\"@type\":\"ReadAction\",\"target\":[\"https:\/\/c3.qroo.gob.mx\/index.php\/antecedentes\/\"]}]},{\"@type\":\"ImageObject\",\"inLanguage\":\"es\",\"@id\":\"https:\/\/c3.qroo.gob.mx\/index.php\/antecedentes\/#primaryimage\",\"url\":\"https:\/\/c3.qroo.gob.mx\/wp-content\/uploads\/2025\/04\/C3-Chetumal.jpg\",\"contentUrl\":\"https:\/\/c3.qroo.gob.mx\/wp-content\/uploads\/2025\/04\/C3-Chetumal.jpg\",\"width\":1261,\"height\":499},{\"@type\":\"BreadcrumbList\",\"@id\":\"https:\/\/c3.qroo.gob.mx\/index.php\/antecedentes\/#breadcrumb\",\"itemListElement\":[{\"@type\":\"ListItem\",\"position\":1,\"name\":\"Inicio\",\"item\":\"https:\/\/c3.qroo.gob.mx\/\"},{\"@type\":\"ListItem\",\"position\":2,\"name\":\"Antecedentes\"}]},{\"@type\":\"WebSite\",\"@id\":\"https:\/\/c3.qroo.gob.mx\/#website\",\"url\":\"https:\/\/c3.qroo.gob.mx\/\",\"name\":\"C3\",\"description\":\"\",\"publisher\":{\"@id\":\"https:\/\/c3.qroo.gob.mx\/#organization\"},\"potentialAction\":[{\"@type\":\"SearchAction\",\"target\":{\"@type\":\"EntryPoint\",\"urlTemplate\":\"https:\/\/c3.qroo.gob.mx\/?s={search_term_string}\"},\"query-input\":{\"@type\":\"PropertyValueSpecification\",\"valueRequired\":true,\"valueName\":\"search_term_string\"}}],\"inLanguage\":\"es\"},{\"@type\":\"Organization\",\"@id\":\"https:\/\/c3.qroo.gob.mx\/#organization\",\"name\":\"C3\",\"url\":\"https:\/\/c3.qroo.gob.mx\/\",\"logo\":{\"@type\":\"ImageObject\",\"inLanguage\":\"es\",\"@id\":\"https:\/\/c3.qroo.gob.mx\/#\/schema\/logo\/image\/\",\"url\":\"https:\/\/c3.qroo.gob.mx\/wp-content\/uploads\/2025\/04\/ESCUDO-Q-C3_.png\",\"contentUrl\":\"https:\/\/c3.qroo.gob.mx\/wp-content\/uploads\/2025\/04\/ESCUDO-Q-C3_.png\",\"width\":1349,\"height\":576,\"caption\":\"C3\"},\"image\":{\"@id\":\"https:\/\/c3.qroo.gob.mx\/#\/schema\/logo\/image\/\"}}]}<\/script>\n<!-- \/ Yoast SEO plugin. -->","yoast_head_json":{"title":"Antecedentes - C3","robots":{"index":"index","follow":"follow","max-snippet":"max-snippet:-1","max-image-preview":"max-image-preview:large","max-video-preview":"max-video-preview:-1"},"canonical":"https:\/\/c3.qroo.gob.mx\/index.php\/antecedentes\/","og_locale":"es_MX","og_type":"article","og_title":"Antecedentes - C3","og_description":"Antecedentes \u00a0 El 21 de Agosto del 2008, se suscribi\u00f3 el Acuerdo Nacional por la Seguridad, la Justicia y la Legalidad, en el Marco de la XXII Sesi\u00f3n Ordinaria del Consejo Nacional de Seguridad P\u00fablica, con el objetivo de conjuntar programas y acciones de los tres \u00f3rdenes de gobierno, con la participaci\u00f3n del Congreso de ... Leer m\u00e1s","og_url":"https:\/\/c3.qroo.gob.mx\/index.php\/antecedentes\/","og_site_name":"C3","article_modified_time":"2025-08-07T21:05:19+00:00","og_image":[{"url":"https:\/\/c3.qroo.gob.mx\/\/wp-content\/uploads\/2025\/04\/C3-Chetumal-1024x405.jpg"}],"twitter_card":"summary_large_image","twitter_misc":{"Tiempo de lectura":"4 minutos"},"schema":{"@context":"https:\/\/schema.org","@graph":[{"@type":"WebPage","@id":"https:\/\/c3.qroo.gob.mx\/index.php\/antecedentes\/","url":"https:\/\/c3.qroo.gob.mx\/index.php\/antecedentes\/","name":"Antecedentes - C3","isPartOf":{"@id":"https:\/\/c3.qroo.gob.mx\/#website"},"primaryImageOfPage":{"@id":"https:\/\/c3.qroo.gob.mx\/index.php\/antecedentes\/#primaryimage"},"image":{"@id":"https:\/\/c3.qroo.gob.mx\/index.php\/antecedentes\/#primaryimage"},"thumbnailUrl":"https:\/\/c3.qroo.gob.mx\/\/wp-content\/uploads\/2025\/04\/C3-Chetumal-1024x405.jpg","datePublished":"2025-04-01T14:33:03+00:00","dateModified":"2025-08-07T21:05:19+00:00","breadcrumb":{"@id":"https:\/\/c3.qroo.gob.mx\/index.php\/antecedentes\/#breadcrumb"},"inLanguage":"es","potentialAction":[{"@type":"ReadAction","target":["https:\/\/c3.qroo.gob.mx\/index.php\/antecedentes\/"]}]},{"@type":"ImageObject","inLanguage":"es","@id":"https:\/\/c3.qroo.gob.mx\/index.php\/antecedentes\/#primaryimage","url":"https:\/\/c3.qroo.gob.mx\/wp-content\/uploads\/2025\/04\/C3-Chetumal.jpg","contentUrl":"https:\/\/c3.qroo.gob.mx\/wp-content\/uploads\/2025\/04\/C3-Chetumal.jpg","width":1261,"height":499},{"@type":"BreadcrumbList","@id":"https:\/\/c3.qroo.gob.mx\/index.php\/antecedentes\/#breadcrumb","itemListElement":[{"@type":"ListItem","position":1,"name":"Inicio","item":"https:\/\/c3.qroo.gob.mx\/"},{"@type":"ListItem","position":2,"name":"Antecedentes"}]},{"@type":"WebSite","@id":"https:\/\/c3.qroo.gob.mx\/#website","url":"https:\/\/c3.qroo.gob.mx\/","name":"C3","description":"","publisher":{"@id":"https:\/\/c3.qroo.gob.mx\/#organization"},"potentialAction":[{"@type":"SearchAction","target":{"@type":"EntryPoint","urlTemplate":"https:\/\/c3.qroo.gob.mx\/?s={search_term_string}"},"query-input":{"@type":"PropertyValueSpecification","valueRequired":true,"valueName":"search_term_string"}}],"inLanguage":"es"},{"@type":"Organization","@id":"https:\/\/c3.qroo.gob.mx\/#organization","name":"C3","url":"https:\/\/c3.qroo.gob.mx\/","logo":{"@type":"ImageObject","inLanguage":"es","@id":"https:\/\/c3.qroo.gob.mx\/#\/schema\/logo\/image\/","url":"https:\/\/c3.qroo.gob.mx\/wp-content\/uploads\/2025\/04\/ESCUDO-Q-C3_.png","contentUrl":"https:\/\/c3.qroo.gob.mx\/wp-content\/uploads\/2025\/04\/ESCUDO-Q-C3_.png","width":1349,"height":576,"caption":"C3"},"image":{"@id":"https:\/\/c3.qroo.gob.mx\/#\/schema\/logo\/image\/"}}]}},"_links":{"self":[{"href":"https:\/\/c3.qroo.gob.mx\/index.php\/wp-json\/wp\/v2\/pages\/36072"}],"collection":[{"href":"https:\/\/c3.qroo.gob.mx\/index.php\/wp-json\/wp\/v2\/pages"}],"about":[{"href":"https:\/\/c3.qroo.gob.mx\/index.php\/wp-json\/wp\/v2\/types\/page"}],"author":[{"embeddable":true,"href":"https:\/\/c3.qroo.gob.mx\/index.php\/wp-json\/wp\/v2\/users\/1"}],"replies":[{"embeddable":true,"href":"https:\/\/c3.qroo.gob.mx\/index.php\/wp-json\/wp\/v2\/comments?post=36072"}],"version-history":[{"count":16,"href":"https:\/\/c3.qroo.gob.mx\/index.php\/wp-json\/wp\/v2\/pages\/36072\/revisions"}],"predecessor-version":[{"id":36946,"href":"https:\/\/c3.qroo.gob.mx\/index.php\/wp-json\/wp\/v2\/pages\/36072\/revisions\/36946"}],"wp:attachment":[{"href":"https:\/\/c3.qroo.gob.mx\/index.php\/wp-json\/wp\/v2\/media?parent=36072"}],"curies":[{"name":"wp","href":"https:\/\/api.w.org\/{rel}","templated":true}]}}